Is 18860081 a prime number?
True
Is 115177 a composite number?
True
Is 794500277 prime?
False
Is 18891827 a composite number?
False
Is 37796029 a prime number?
False
Is 240840917 composite?
False
Is 17881757 a composite number?
False
Is 98120527 composite?
False
Is 262811 prime?
False
Is 17621 composite?
True
Is 3850853 prime?
False
Is 13183811 prime?
False
Is 15842539 prime?
True
Is 207545011 prime?
False
Is 11064173 composite?
True
Is 8056729 a composite number?
True
Is 26780953 a prime number?
False
Is 18289819 a composite number?
True
Is 5972977 composite?
True
Is 26801767 prime?
True
Is 586457 a prime number?
True
Is 2174703 a composite number?
True
Is 36423631 a prime number?
False
Is 168303599 a prime number?
True
Is 1759159 composite?
False
Is 79643134 composite?
True
Is 398516511 composite?
True
Is 12646883 composite?
False
Is 45067049 composite?
False
Is 5709217 prime?
True
Is 39371485 a composite number?
True
Is 10017727 prime?
True
Is 17616943 a composite number?
False
Is 141863 composite?
False
Is 35241859 a prime number?
False
Is 7030563 prime?
False
Is 19375621 a prime number?
True
Is 105179671 a composite number?
False
Is 9006629 a composite number?
True
Is 110469913 a prime number?
True
Is 361352965 a composite number?
True
Is 122883491 a prime number?
True
Is 316821215 composite?
True
Is 444716903 a prime number?
True
Is 34313155 a prime number?
False
Is 15133741 a prime number?
False
Is 4674671 a composite number?
False
Is 586899309 a composite number?
True
Is 996953 a composite number?
False
Is 2758526 composite?
True
Is 3352469 prime?
True
Is 29954549 composite?
False
Is 26269487 a prime number?
False
Is 37362229 a composite number?
True
Is 3997083 a composite number?
True
Is 5625257 a prime number?
False
Is 2467501 prime?
False
Is 564678503 prime?
True
Is 9734719 prime?
True
Is 564183383 composite?
True
Is 36759131 composite?
False
Is 1279351 composite?
True
Is 3874813 a prime number?
False
Is 497881 a composite number?
True
Is 5144119 composite?
False
Is 41588317 prime?
True
Is 6538573 a prime number?
True
Is 11604431 composite?
False
Is 9839749 prime?
True
Is 297914633 composite?
False
Is 67500283 a composite number?
False
Is 4599029 a composite number?
True
Is 76682678 a prime number?
False
Is 63482707 a prime number?
True
Is 14885317 composite?
False
Is 28601861 a prime number?
True
Is 1700603 composite?
False
Is 747199 a composite number?
False
Is 310823981 composite?
True
Is 18805321 prime?
True
Is 891948311 composite?
True
Is 56435183 composite?
True
Is 1614971 prime?
False
Is 58141101 composite?
True
Is 779580827 a prime number?
False
Is 8183999 composite?
True
Is 497137 prime?
True
Is 1437719 a prime number?
True
Is 1619627 composite?
True
Is 1936061 composite?
True
Is 2546795 a composite number?
True
Is 288427969 composite?
True
Is 2288197 a composite number?
True
Is 14607547 composite?
False
Is 52844359 a composite number?
False
Is 26568347 composite?
True
Is 9773417 composite?
False
Is 4133891 a prime number?
False
Is 204278951 a prime number?
False
Is 201599 composite?
False
Is 14738378 prime?
False
Is 2004889 prime?
False
Is 723673 prime?
False
Is 11826479 composite?
True
Is 53632009 composite?
False
Is 2328229 composite?
False
Is 123395387 a composite number?
True
Is 8186917 prime?
True
Is 3031111 a composite number?
True
Is 1331507 composite?
True
Is 3203621 prime?
True
Is 2166685 a prime number?
False
Is 9179171 a prime number?
True
Is 3268157 composite?
False
Is 25488781 a composite number?
False
Is 9005947 composite?
False
Is 21287611 a prime number?
False
Is 2939 a prime number?
True
Is 185889959 a prime number?
False
Is 74802697 composite?
True
Is 123055813 prime?
True
Is 878923 a prime number?
False
Is 671651 composite?
False
Is 6124787 prime?
False
Is 2494589 prime?
True
Is 16162383 a composite number?
True
Is 86119037 composite?
False
Is 2413001 composite?
False
Is 17335931 a prime number?
False
Is 549141 a composite number?
True
Is 100836599 prime?
False
Is 120158938 a prime number?
False
Is 28795387 a composite number?
False
Is 1053902 a prime number?
False
Is 22433 prime?
True
Is 562591 prime?
True
Is 5576485 a composite number?
True
Is 14522439 a prime number?
False
Is 2737309 prime?
True
Is 875089 a prime number?
True
Is 9819263 prime?
True
Is 14072063 a composite number?
True
Is 498797393 a prime number?
False
Is 761768087 a prime number?
False
Is 43636679 prime?
True
Is 1582919 composite?
True
Is 116681 a prime number?
True
Is 57337493 prime?
True
Is 1052133 a composite number?
True
Is 23691755 a prime number?
False
Is 760321 composite?
False
Is 6112643 prime?
True
Is 116063917 composite?
False
Is 78791101 a composite number?
True
Is 3090613 a composite number?
False
Is 3476783 prime?
True
Is 11887489 composite?
False
Is 113724517 a prime number?
True
Is 93277 prime?
False
Is 5110969 composite?
True
Is 821213 a composite number?
True
Is 1463829 composite?
True
Is 4560263 a composite number?
False
Is 72531898 a prime number?
False
Is 349654873 a prime number?
False
Is 95521973 composite?
False
Is 90933223 prime?
False
Is 405294283 a prime number?
True
Is 126809707 a composite number?
True
Is 17799077 composite?
False
Is 1848941 prime?
False
Is 231131 prime?
True
Is 64035629 composite?
True
Is 205036841 composite?
True
Is 269779 a composite number?
False
Is 254333 a prime number?
False
Is 92797195 a prime number?
False
Is 96131011 prime?
True
Is 4735651 prime?
True
Is 22220701 composite?
True
Is 54242301 composite?
True
Is 14741803 prime?
True
Is 70759023 prime?
False
Is 1336861 a prime number?
True
Is 41306809 a prime number?
False
Is 3649049 prime?
True
Is 4001711 a prime number?
False
Is 194293789 prime?
True
Is 205453 a composite number?
False
Is 1388269 composite?
False
Is 73301377 composite?
True
Is 117394577 prime?
True
Is 15353491 prime?
True
Is 273706087 a prime number?
False
Is 45315359 a composite number?
True
Is 33948589 a composite number?
True
Is 5163343 composite?
False
Is 19392259 a composite number?
True
Is 3534941 a prime number?
False
Is 58273961 prime?
False
Is 12485533 a prime number?
True
Is 1946369 composite?
False
Is 18672029 prime?
False
Is 43264651 composite?
False
Is 173507753 prime?
False
Is 59521531 composite?
True
Is 107017991 composite?
False
Is 1376587 composite?
True
Is 263232379 a composite number?
True
Is 17830697 composite?
True
Is 1009531 a prime number?
True
Is 9077729 composite?
False
Is 1572973 composite?
True
Is 5013391 composite?
True
Is 55622297 composite?
True
Is 62072671 a prime number?
False
Is 2711399 a prime number?
True
Is 3436333 prime?
False
Is 40211519 a prime number?
True
Is 43758977 a prime number?
True
Is 17463577 a composite number?
True
Is 17244659 a prime number?
True
Is 747349849 prime?
True
Is 55754857 a prime number?
True
Is 17987773 prime?
True
Is 1608367 a prime number?
False
Is 1662803 prime?
True
Is 54097169 a prime number?
False
Is 12689009 composite?
True
Is 5003287 composite?
True
Is 3157243 a prime number?
True
Is 33515701 a composite number?
False
Is 3004633 prime?
True
Is 1460959 a prime number?
False
Is 1782769 a prime number?
True
Is 5295809 prime?
True
Is 431741105 a prime number?
False
Is 1161385631 prime?
False
Is 945767 a prime number?
True
Is 2221097 composite?
False
Is 1993673 prime?
False
Is 5916787 a prime number?
False
Is 865773001 composite?
False
Is 1603246037 a prime number?
False
Is 417161 composite?
False
Is 69939886 composite?
True
Is 247374523 a composite number?
True
Is 194785433 a composite number?
False
Is 1810379 a prime number?
False
Is 24712477 a prime number?
True
Is 13763261 a prime number?
True
Is 3710593 composite?
False
Is 49520239 composite?
False
Is 3731969 a prime number?
True
Is 1853987 composite?
False
Is 7761037 a composite number?
True
Is 65586919 a composite number?
False
Is 209412293 composite?
False
Is 410585426 composite?
True
Is 2660263 a composite number?
True
Is 154620937 prime?
True
Is 919777 a prime number?
False
Is 237509 prime?
True
Is 2242573 prime?
False
Is 2142821 composite?
True
Is 136383773 a prime number?
False
Is 96643 composite?
False
Is 98758537 composite?
True
Is 8295263 a prime number?
True
Is 1047872291 composite?
False
Is 18300193 prime?
True
Is 10273957 a pri